 - 32. Determine w(13).
-6
Let z(s) = s**2 - 18*s - 50. Give z(20).
-10
Let s(z) = -2*z + 35. Give s(10).
15
Let f(m) = -m**2 - 5*m + 4. Calculate f(-7).
-10
Let d(z) = -z**3 - 6*z**2 - 4*z - 7. What is d(-6)?
17
Let p(a) = 3*a + 6. Determine p(-4).
-6
Let w(q) = -q**3 + q**2 - 3*q + 2. What is w(3)?
-25
Let x(j) = j**3 + 19*j**2 + j + 61. Calculate x(-19).
42
Let s(h) = h**2 + 12*h - 49. Calculate s(3).
-4
Let z(p) = 26*p**2 + 3*p + 2. Determine z(-1).
25
Let t(p) = 6*p - 46. Calculate t(-9).
-100
Let r(j) = 15*j + 69. Determine r(-4).
9
Let b(c) = c**2 + 48*c + 386. Calculate b(-38).
6
Let k(l) = l**3 - 2*l**2 - 6*l + 5. Determine k(1).
-2
Let x(s) = 6*s + 9. Give x(-2).
-3
Let i(k) = -k**3 - 9*k**2 + k + 13. What is i(-9)?
4
Let b(t) = -8*t + 115. Give b(15).
-5
Let k(f) = -4*f - 17. What is k(-12)?
31
Let c(z) = -z**2 + 15. Determine c(-6).
-21
Let z(l) = l**2 - 4*l + 2. What is z(-4)?
34
Let s(f) = 5*f + 1. Give s(4).
21
Let m(z) = -z**3 + 15*z**2 - 34*z + 130. Give m(13).
26
Let o(s) = -s**3 + 16*s**2 + 79*s + 14. What is o(20)?
-6
Let h(s) = 18*s**3 + 2*s**2 + 6*s + 5. Calculate h(-1).
-17
Let o(z) = z**3 - 14*z**2 - z + 20. Calculate o(14).
6
Let d(c) = c**2 + 2*c. What is d(-1)?
-1
Let q(z) = z**3 - 45*z**2 - 51*z + 235. What is q(46)?
5
Let j(w) = -w + 8. Calculate j(8).
0
Let o(x) = -4*x**2 - 4*x. What is o(-2)?
-8
Let s(l) = l**3 + 7*l**2 - 5*l - 16. Give s(-8).
-40
Let z(p) = 2*p**2 + p - 11. Give z(3).
10
Let i(a) = -28*a + 123. Calculate i(4).
11
Let x(c) = -4*c**3 + 3*c - 2. Determine x(1).
-3
Let x(c) = -2*c**3 - 8*c**2 + 41*c - 4. Give x(-7).
3
Let l(c) = c**2 + 10*c - 13. What is l(-8)?
-29
Let a(r) = -8*r**2 + 7*r - 14. Give a(2).
-32
Let o(a) = a**3 + 10*a**2 - 4*a + 11. What is o(-11)?
-66
Let u(o) = o**3 - 5*o**2 + 4*o + 4. Calculate u(4).
4
Let d(n) = n**3 - 7*n**2 - 33*n + 22. What is d(10)?
-8
Let m(p) = -p**3 + 3*p**2 + 5*p - 4. What is m(3)?
11
Let v(l) = -l**2 - 29*l + 30. What is v(-30)?
0
Let r(i) = i**3 - 5*i**2 - 10*i + 12. Calculate r(6).
-12
Let v(l) = 2*l**2 - l + 2. What is v(-2)?
12
Let c(j) = -j**3 - 5*j**2 - 5*j - 3. Determine c(-5).
22
Let o(c) = 6*c**3 - c**2 - 3*c - 1. Give o(-1).
-5
Let j(u) = u**2 - 4*u + 1. Calculate j(5).
6
Let p(l) = 2*l + 25. Determine p(-14).
-3
Let q(x) = x - 47. Give q(-9).
-56
Let a(s) = -s**2 - 2*s + 5. What is a(-4)?
-3
Let i(p) = 8*p + 4. Give i(4).
36
Let a(m) = -3*m + 7. Calculate a(5).
-8
Let m(t) = -6*t**2. Calculate m(-1).
-6
Let c(z) = 3*z**3 + 17*z**2 - z - 10. What is c(-6)?
-40
Let q(c) = -2*c + 3. Give q(4).
-5
Let n(x) = 5*x**2 + 44*x + 4. Calculate n(-9).
13
Let w(b) = b - 3. What is w(19)?
16
Let i(y) = 38*y. Determine i(1).
38
Let d(x) = x**2 + x - 1. Give d(1).
1
Let p(y) = -y**2 - 9*y + 2. Determine p(-4).
22
Let d(b) = -b - 34. Give d(-26).
-8
Let j(u) = 2*u**2 + 2. Give j(2).
10
Let f(w) = -w**2 + 5*w + 27. What is f(-3)?
3
Let y(v) = v**2 - 12*v + 17. Calculate y(13).
30
Let b(v) = 7*v - 2. What is b(-3)?
-23
Let z(i) = i + 14. What is z(-14)?
0
Let h(b) = 3*b + 2. Give h(4).
14
Let b(a) = -85*a + 250. Determine b(3).
-5
Let l(z) = 26*z + 143. What is l(-6)?
-13
Let t(f) = -f**3 + 10*f**2 + 59*f - 33. Calculate t(14).
9
Let g(t) = -t**2 - 4*t + 69. Give g(-11).
-8
Let k(c) = -5*c**3 + c**2 - 2*c + 2. Give k(1).
-4
Let q(g) = g**3 - 2*g**2 + 3. What is q(0)?
3
Let x(i) = -i**3 - 15*i**2 - 2*i - 28. Give x(-15).
2
Let o(u) = -u**3 - 2*u**2 + 5*u. What is o(-4)?
12
Let w(j) = 29*j + 295. Determine w(-10).
5
Let k(z) = -4*z**3 - z**2 - 2*z - 1. Determine k(-1).
4
Let p(k) = -2*k**2 + 15*k + 54. Give p(-3).
-9
Let x(b) = 2*b**3 - b**2 + 2. Determine x(-2).
-18
Let y(f) = f**3 - 6*f**2 - 16*f + 4. Give y(8).
4
Let g(n) = 4*n**2 - 39*n - 6. Determine g(10).
4
Let b(x) = -7*x - 67. Calculate b(-12).
17
Let d(y) = y**3 + 7*y**2 - 11*y - 4. Calculate d(-8).
20
Let s(i) = i + 6. Calculate s(-5).
1
Let z(o) = -6*o - 1. Calculate z(-1).
5
Let u(j) = j**3 - 8*j**2 - 31*j + 199. What is u(9)?
1
Let s(o) = -o + 4. What is s(10)?
-6
Let q(x) = -x**2 - x - 4. Calculate q(-3).
-10
Let m(w) = -13*w**2 + 4*w - 1. Give m(2).
-45
Let v(h) = h**2. Calculate v(-4).
16
Let b(u) = -17*u**2 - 5*u - 4. Determine b(-2).
-62
Let v(q) = -10*q - 2. Determine v(4).
-42
Let f(t) = -14*t + 7. Calculate f(1).
-7
Let k(y) = y**2 + y - 3. Give k(2).
3
Let g(a) = 6*a + 2. Determine g(-1).
-4
Let g(m) = -m + 3. What is g(4)?
-1
Let t(a) = -55*a + 104. What is t(3)?
-61
Let g(p) = -p**3 - 32*p**2 - 31*p - 13. Calculate g(-31).
-13
Let i(j) = -6*j + 2. Give i(-1).
8
Let l(j) = -j + 100. Give l(-16).
116
Let c(k) = -4*k**3 + 2*k**2 + 2*k - 2. Give c(-2).
34
Let m(j) = 9*j - 1. Give m(-1).
-10
Let o(r) = r**2 + 36*r + 178. What is o(-30)?
-2
Let n(q) = -q**2 - 35*q + 98. Determine n(-36).
62
Let k(n) = -3*n + 8. Determine k(8).
-16
Let s(r) = r**2 - 18*r - 11. Give s(7).
-88
Let r(d) = d + 17. Determine r(8).
25
Let z(y) = -2*y**2 - 17*y - 1. Give z(-10).
-31
Let u(j) = -24*j - 3. Calculate u(-2).
45
Let f(t) = -t - 6. Calculate f(-3).
-3
Let k(b) = 2*b - 10. Give k(9).
8
Let n(p) = -10*p + 23. Give n(6).
-37
Let z(o) = 2*o**3 - 5*o**2 - 6*o + 2. Determine z(3).
-7
Let x(d) = -3*d + 17. What is x(-7)?
38
Let p(k) = k**3 - 4*k + 2. What is p(-2)?
2
Let t(u) = 5*u - 31. Give t(8).
9
Let m(f) = 107*f + 220. Determine m(-2).
6
Let d(s) = 7*s + 52. Determine d(-5).
17
Let x(y) = y**3 + y**2 - 72. Calculate x(0).
-72
Let q(n) = n**2 + 8*n - 142. Determine q(-17).
11
Let m(o) = o**3 - 13*o**2 - 19*o + 13. Determine m(14).
-57
Let p(s) = -s**2 + 16*s - 3. What is p(15)?
12
Let u(k) = 11*k - 25. What is u(2)?
-3
Let z(a) = -a**2 - 19*a - 51. Calculate z(-8).
37
Let m(s) = -4*s**2 + 6*s - 1. Determine m(2).
-5
Let m(t) = -t**3 - 12*t**2 - 15*t - 8. What is m(-10)?
-58
Let n(a) = -16*a**3 - 3*a**2 + 2*a - 2. Calculate n(2).
-138
Let l(r) = r**3 - 5*r**2 + r + 4. Give l(5).
9
Let k(c) = -c**3 + c**2 - 3*c + 49. Give k(0).
49
Let l(d) = 9*d**3 - 2*d**2 - 2*d - 1. Determine l(-1).
-10
Let k(u) = -u**2 - 7*u + 51. Determine k(6).
-27
Let i(d) = 10*d + 4. Give i(-5).
-46
Let f(h) = -2*h**2 - 27*h - 8. What is f(-12)?
28
Let i(y) = 2*y**3 - 24*y**2 - 27*y. Determine i(13).
-13
Let j(a) = a**2 + 8*a + 12. Give j(-7).
5
Let j(i) = 8*i - 10. Determine j(-2).
-26
Let f(o) = -2*o - 4. Determine f(-4).
4
Let l(f) = -9*f + 70. Calculate l(7).
7
Let g(n) = -5*n**2 + n + 1. What is g(-1)?
-5
Let t(z) = 2*z**2 - 6*z - 12. Determine t(5).
8
Let h(o) = -5*o**2 - 15*o - 6. Give h(-2).
4
Let l(t) = 12*t - 2. Give l(-4).
-50
Let d(n) = -n**3 + 11*n**2 - 15*n + 45. Give d(10).
-5
Let x(l) = l**2 - 41*l + 22. Calculate x(39).
-56
Let a(v) = v**2 - 6*v + 11. Give a(2).
3
Let g(n) = -n**3 + 4*n**2 + 3*n - 4. Give g(5).
-14
Let h(t) = t**3 + 13*t**2 + 20*t - 19. Give h(-11).
3
Let j(r) = -r**2 + 11*r - 21. What is j(8)?
3
Let i(c) = c**2 - 8*c + 21. What is i(4)?
5
Let x(t) = t**3 - 2*t**2 - 2*t - 24. What is x(0)?
-24
Let h(k) = k - 20. Determine h(16).
-4
Let x(o) = -4*o - 10. Determine x(-4).
6
Let g(q) = -q**3 - 11*q**2 - 9*q + 3. Calculate g(-10).
-7
Let m(s) = s**3 - 11*s**2 + 3*s - 16. Give m(11).
17
Let o(b) = -10*b**2 - 4*b + 3. Calculate o(2).
-45
Let p(k) = k**2 - 16. What is p(-5)?
9
Let o(w) = w**2 + 16*w + 28. Determine o(-13).
-11
Let p(o) = 3*o**2 + 34*o - 28. Give p(-12).
-4
Let d(v) = -v**2 - 17*v - 19. Determine d(-15).
11
Let k(i) = -i**3 - 13*i**2 - 10*i - 12. Give k(-12).
-36
Let f(u) = -u**3 + 4*u**2 + 3*u + 4. Determine f(5).
-6
Let t(x) = x**3 + 11*x**2 + 10*x - 49. What is t(-9)?
23
Let x(k) = -k**3 + 10*k**2 - 17*k + 24. Calculate x(8).
16
Let d(g) = 2*g**3 - 32*g**2 + 23*g + 102. Calculate d(15).
-3
Let z(x) = x**3 + 12*x**2 - 9*x - 3. Give z(-13).
-55
Let g(u) = 3*u**2 - 2*u + 4. Give g(3).
25
Let f(l) = -l**2 - 29*l - 22. Determine f(-28).
6
Let q(r) = -3*r**2 + 8*r + 21. Give q(4).
5
Let o(q) = 6*q + 51. Determine o(-11).
-15
Let x(g) = -g**3 - 7*g**2 - 6*g - 5. Give x(-6).
-5
Let k(x) = x**3 + 10*x**2 + 24*x + 5. Give k(-6).
5
Let z(u) = -3*u + 9. Give z(4).
-3
Let g(t) = -t**2 + t + 26. What is g(0)?
26
Let h(p) = -9*p - 2. Give h(-6).
52
Let y(k) = 3*k**2 - 82*k + 32. Give y(27).
5
Let m(i) = i**3 + 16*i**2 + 15*i - 7. Calculate m(-15).
-7
Let m(o) = -2*o**2 - 4*o + 3. Give m(-4).
-13
Let z(r) =